{"id":4321,"date":"2025-12-08T10:13:01","date_gmt":"2025-12-08T09:13:01","guid":{"rendered":"https:\/\/ontdekemmen.nl\/activiteiten\/der-wald-emmerdennen\/"},"modified":"2026-02-17T10:57:59","modified_gmt":"2026-02-17T09:57:59","slug":"der-wald-emmerdennen","status":"publish","type":"activiteiten","link":"https:\/\/ontdekemmen.nl\/de\/aktivitaten\/der-wald-emmerdennen\/","title":{"rendered":"Der Wald Emmerdennen"},"content":{"rendered":"\n<section class=\"pane pane--wei\u00df\">\n    <div class=\"container\">\n        <div class=\"row g-4 g-lg-8 g-xl-15 justify-content-center\">\n                                                <div class=\"col-12 col-lg-8\">\n                        <div class=\"pane__text\">\n                            <h1>Emmerdennen: ein Wald voller Geschichten<\/h1>\n<p>Direkt neben dem pulsierenden Zentrum von Emmen liegt eine \u00fcberraschende Oase der Ruhe: der Wald Emmerdennen. Ein wundersch\u00f6ner Wald mit alten Sandd\u00fcnen, geheimnisvollen Kiefern und uralten Geschichten. In der Nachbarschaft wird der Wald Emmerdennen liebevoll \u201eKlein-Schweiz\u201c genannt, und das aus gutem Grund.  <\/p>\n<p>Hier gehen Sie am beeindruckenden H\u00fcnengrab D45 vorbei, \u00fcber Sandh\u00fcgel wie Haantjeduin (31 Meter \u00fcber NN) und durch W\u00e4lder, die einst angelegt wurden, um den Flugsand zu stoppen. Ein St\u00fcck Drenthe voller Natur und Geschichte, direkt neben der Stadt. <\/p>\n                                                    <\/div>\n                    <\/div>\n                                    <div class=\"col-12 col-lg-8\">\n                        <div class=\"pane__text\">\n                            <h2 data-start=\"869\" data-end=\"902\"><img loading=\"lazy\" decoding=\"async\" src=\"https:\/\/ontdekemmen.nl\/wp-content\/themes\/ontdek-emmen\/assets\/img\/blocks-title.svg\" class=\"text-figure me-1 me-lg-2 mt-n1\" width=\"24\" height=\"18\" alt=\"\" \/> <span>Vom Flugsand zum Stadtwald<\/span><\/h2>\n<p data-start=\"904\" data-end=\"1232\">Im 19. Jahrhundert beschlossen Bauern, den wehenden Flugsand zu b\u00e4ndigen. Sie legten Soden auf den nackten Sand und pflanzten Kiefern. Diese Methode erwies sich als erfolgreich: Der Sand wurde fixiert und wuchs zu dem Wald heran, den wir heute als Emmerdennen kennen. Ein Ort, an dem sich Moose, Farne und Pilze unter dem Bl\u00e4tterdach wohlf\u00fchlen.   <\/p>\n                                                    <\/div>\n                    <\/div>\n                                    <\/div>\n    <\/div>\n<\/section>\n\n<section class=\"pane pane--wei\u00df\">\n    <div class=\"container\">\n        <div class=\"row g-4 g-lg-8 g-xl-15 justify-content-center\">\n                                                <div class=\"col-12 col-lg-8\">\n                        <div class=\"pane__text\">\n                            <h2 data-start=\"1239\" data-end=\"1271\"><img loading=\"lazy\" decoding=\"async\" src=\"https:\/\/ontdekemmen.nl\/wp-content\/themes\/ontdek-emmen\/assets\/img\/blocks-title.svg\" class=\"text-figure me-1 me-lg-2 mt-n1\" width=\"24\" height=\"18\" alt=\"\" \/> <span>Highlights im Gebiet<\/span><\/h2>\n<ul data-start=\"1273\" data-end=\"1704\">\n<li data-start=\"1273\" data-end=\"1451\">\n<p data-start=\"1275\" data-end=\"1451\">Haantjeduin: einer der h\u00f6chsten Punkte des Sandr\u00fcckens Hondsrug mit Panoramablick. Ringsum gibt es knorrige Kiefern, die vom Wind teilweise ausgegraben wurden. Als ob sie auf Beinen stehen.  <\/p>\n<\/li>\n<li data-start=\"1452\" data-end=\"1571\">\n<p data-start=\"1454\" data-end=\"1571\">H\u00fcnengrab D45: eines der am besten erhaltenen H\u00fcnengr\u00e4ber in Drenthe. Lautlos, kraftvoll und perfekt auf der D\u00fcne gelegen. Tipp: Schauen Sie sich die Beule in einem der Decksteine \u200b\u200ban. Laut \u00dcberlieferung entstand die Beule dadurch, dass K\u00f6nig Ludwig Napoleon sich bei seinem Besuch in Drenthe 1809 samt Pferd auf das H\u00fcnengrab stellte.   <\/p>\n<\/li>\n<li data-start=\"1572\" data-end=\"1704\">\n<p data-start=\"1574\" data-end=\"1704\">Emmerschans: ein Wehrbauwerk aus dem 17. Jahrhundert, das sich \u00f6stlich des Waldes befindet. Mit beeindruckenden W\u00e4llen und \u00fcberraschend viel Gr\u00fcn. <\/p>\n<\/li>\n<\/ul>\n                                                    <\/div>\n                    <\/div>\n                                    <div class=\"col-12 col-lg-8\">\n                        <div class=\"pane__text\">\n                            <h2 data-start=\"1711\" data-end=\"1743\"><img loading=\"lazy\" decoding=\"async\" src=\"https:\/\/ontdekemmen.nl\/wp-content\/themes\/ontdek-emmen\/assets\/img\/blocks-title.svg\" class=\"text-figure me-1 me-lg-2 mt-n1\" width=\"24\" height=\"18\" alt=\"\" \/> <span>Wandern im Wald Emmerdennen<\/span><\/h2>\n<p data-start=\"1745\" data-end=\"1958\">Die niederl\u00e4ndische staatliche Forstverwaltung (\u201eStaatsbosbeheer\u201c) hat mehrere sch\u00f6ne <a href=\"https:\/\/kaart.ontdekemmen.nl\/?c=b75289b&amp;c=8b57dab#14.14\/52.78998\/6.89783\" target=\"_blank\" rel=\"noopener\">Wanderrouten<\/a> ausgeschildert. Folgen Sie den Schildern (rot, gelb oder grau) und lassen Sie sich an H\u00fcnengr\u00e4bern, D\u00fcnen und uralten B\u00e4umen vorbeif\u00fchren. Jede Route hat ihre eigene Atmosph\u00e4re und L\u00e4nge.  <\/p>\n<p data-start=\"1960\" data-end=\"2081\">Parkm\u00f6glichkeiten gibt es bei P+R Emmen (Stationsplein 27) und P+R Burgemeester Tijmesstraat, in der N\u00e4he des H\u00fcnengrabs. Auch vom Zentrum und dem Bahnhof Emmen ist das H\u00fcnengrab nur wenige Gehminuten entfernt. <\/p>\n                                                    <\/div>\n                    <\/div>\n                                    <\/div>\n    <\/div>\n<\/section>\n","protected":false},"featured_media":1776,"template":"","meta":{"_acf_changed":false},"class_list":["post-4321","activiteiten","type-activiteiten","status-publish","has-post-thumbnail","hentry"],"acf":[],"yoast_head":"<!-- This site is optimized with the Yoast SEO plugin v25.9 - https:\/\/yoast.com\/wordpress\/plugins\/seo\/ -->\n<title>Der Wald Emmerdennen - Ontdek Emmen<\/title>\n<meta name=\"description\" content=\"Entdecken Sie den Wald Emmerdennen in Emmen: einen historischen Wald mit H\u00fcnengrab, D\u00fcnen und Wanderrouten. In der N\u00e4he der Stadt, aber voller Ruhe, Natur und Geschichten.\" \/>\n<meta name=\"robots\" content=\"index, follow, max-snippet:-1, max-image-preview:large, max-video-preview:-1\" \/>\n<link rel=\"canonical\" href=\"https:\/\/ontdekemmen.nl\/de\/aktivitaten\/der-wald-emmerdennen\/\" \/>\n<meta property=\"og:locale\" content=\"de_DE\" \/>\n<meta property=\"og:type\" content=\"article\" \/>\n<meta property=\"og:title\" content=\"Der Wald Emmerdennen - Ontdek Emmen\" \/>\n<meta property=\"og:description\" content=\"Entdecken Sie den Wald Emmerdennen in Emmen: einen historischen Wald mit H\u00fcnengrab, D\u00fcnen und Wanderrouten. In der N\u00e4he der Stadt, aber voller Ruhe, Natur und Geschichten.\" \/>\n<meta property=\"og:url\" content=\"https:\/\/ontdekemmen.nl\/de\/aktivitaten\/der-wald-emmerdennen\/\" \/>\n<meta property=\"og:site_name\" content=\"Ontdek Emmen\" \/>\n<meta property=\"article:publisher\" content=\"https:\/\/www.facebook.com\/ontdekemmen2\/?locale=nl_NL\" \/>\n<meta property=\"article:modified_time\" content=\"2026-02-17T09:57:59+00:00\" \/>\n<meta property=\"og:image\" content=\"https:\/\/ontdekemmen.nl\/wp-content\/uploads\/2025\/07\/Emmermeer-Valtherbos-7-scaled.jpg\" \/>\n\t<meta property=\"og:image:width\" content=\"1920\" \/>\n\t<meta property=\"og:image:height\" content=\"1280\" \/>\n\t<meta property=\"og:image:type\" content=\"image\/jpeg\" \/>\n<meta name=\"twitter:card\" content=\"summary_large_image\" \/>\n<!-- \/ Yoast SEO plugin. -->","yoast_head_json":{"title":"Der Wald Emmerdennen - Ontdek Emmen","description":"Entdecken Sie den Wald Emmerdennen in Emmen: einen historischen Wald mit H\u00fcnengrab, D\u00fcnen und Wanderrouten. In der N\u00e4he der Stadt, aber voller Ruhe, Natur und Geschichten.","robots":{"index":"index","follow":"follow","max-snippet":"max-snippet:-1","max-image-preview":"max-image-preview:large","max-video-preview":"max-video-preview:-1"},"canonical":"https:\/\/ontdekemmen.nl\/de\/aktivitaten\/der-wald-emmerdennen\/","og_locale":"de_DE","og_type":"article","og_title":"Der Wald Emmerdennen - Ontdek Emmen","og_description":"Entdecken Sie den Wald Emmerdennen in Emmen: einen historischen Wald mit H\u00fcnengrab, D\u00fcnen und Wanderrouten. In der N\u00e4he der Stadt, aber voller Ruhe, Natur und Geschichten.","og_url":"https:\/\/ontdekemmen.nl\/de\/aktivitaten\/der-wald-emmerdennen\/","og_site_name":"Ontdek Emmen","article_publisher":"https:\/\/www.facebook.com\/ontdekemmen2\/?locale=nl_NL","article_modified_time":"2026-02-17T09:57:59+00:00","og_image":[{"url":"https:\/\/ontdekemmen.nl\/wp-content\/uploads\/2025\/07\/Emmermeer-Valtherbos-7-scaled.jpg","width":1920,"height":1280,"type":"image\/jpeg"}],"twitter_card":"summary_large_image","schema":{"@context":"https:\/\/schema.org","@graph":[{"@type":"WebPage","@id":"https:\/\/ontdekemmen.nl\/de\/aktivitaten\/der-wald-emmerdennen\/","url":"https:\/\/ontdekemmen.nl\/de\/aktivitaten\/der-wald-emmerdennen\/","name":"Der Wald Emmerdennen - Ontdek Emmen","isPartOf":{"@id":"https:\/\/ontdekemmen.nl\/#website"},"primaryImageOfPage":{"@id":"https:\/\/ontdekemmen.nl\/de\/aktivitaten\/der-wald-emmerdennen\/#primaryimage"},"image":{"@id":"https:\/\/ontdekemmen.nl\/de\/aktivitaten\/der-wald-emmerdennen\/#primaryimage"},"thumbnailUrl":"https:\/\/ontdekemmen.nl\/wp-content\/uploads\/2025\/07\/Emmermeer-Valtherbos-7-scaled.jpg","datePublished":"2025-12-08T09:13:01+00:00","dateModified":"2026-02-17T09:57:59+00:00","description":"Entdecken Sie den Wald Emmerdennen in Emmen: einen historischen Wald mit H\u00fcnengrab, D\u00fcnen und Wanderrouten. In der N\u00e4he der Stadt, aber voller Ruhe, Natur und Geschichten.","breadcrumb":{"@id":"https:\/\/ontdekemmen.nl\/de\/aktivitaten\/der-wald-emmerdennen\/#breadcrumb"},"inLanguage":"de","potentialAction":[{"@type":"ReadAction","target":["https:\/\/ontdekemmen.nl\/de\/aktivitaten\/der-wald-emmerdennen\/"]}]},{"@type":"ImageObject","inLanguage":"de","@id":"https:\/\/ontdekemmen.nl\/de\/aktivitaten\/der-wald-emmerdennen\/#primaryimage","url":"https:\/\/ontdekemmen.nl\/wp-content\/uploads\/2025\/07\/Emmermeer-Valtherbos-7-scaled.jpg","contentUrl":"https:\/\/ontdekemmen.nl\/wp-content\/uploads\/2025\/07\/Emmermeer-Valtherbos-7-scaled.jpg","width":8256,"height":5504,"caption":"Gemeente Emmen. COPYRIGHT MARCEL JURIAN DE JONG"},{"@type":"BreadcrumbList","@id":"https:\/\/ontdekemmen.nl\/de\/aktivitaten\/der-wald-emmerdennen\/#breadcrumb","itemListElement":[{"@type":"ListItem","position":1,"name":"Home","item":"https:\/\/ontdekemmen.nl\/de\/"},{"@type":"ListItem","position":2,"name":"Activiteiten","item":"https:\/\/ontdekemmen.nl\/activiteiten\/"},{"@type":"ListItem","position":3,"name":"Der Wald Emmerdennen"}]},{"@type":"WebSite","@id":"https:\/\/ontdekemmen.nl\/#website","url":"https:\/\/ontdekemmen.nl\/","name":"Ontdek Emmen","description":"","potentialAction":[{"@type":"SearchAction","target":{"@type":"EntryPoint","urlTemplate":"https:\/\/ontdekemmen.nl\/?s={search_term_string}"},"query-input":{"@type":"PropertyValueSpecification","valueRequired":true,"valueName":"search_term_string"}}],"inLanguage":"de"}]}},"_links":{"self":[{"href":"https:\/\/ontdekemmen.nl\/de\/wp-json\/wp\/v2\/activiteiten\/4321","targetHints":{"allow":["GET"]}}],"collection":[{"href":"https:\/\/ontdekemmen.nl\/de\/wp-json\/wp\/v2\/activiteiten"}],"about":[{"href":"https:\/\/ontdekemmen.nl\/de\/wp-json\/wp\/v2\/types\/activiteiten"}],"wp:featuredmedia":[{"embeddable":true,"href":"https:\/\/ontdekemmen.nl\/de\/wp-json\/wp\/v2\/media\/1776"}],"wp:attachment":[{"href":"https:\/\/ontdekemmen.nl\/de\/wp-json\/wp\/v2\/media?parent=4321"}],"curies":[{"name":"wp","href":"https:\/\/api.w.org\/{rel}","templated":true}]}}

<section class="pane pane--weiß">
    <div class="container">
        <div class="row g-4 g-lg-8 g-xl-15 justify-content-center">
                                                <div class="col-12 col-lg-8">
                        <div class="pane__text">
                            <h1>Emmerdennen: ein Wald voller Geschichten</h1>
<p>Direkt neben dem pulsierenden Zentrum von Emmen liegt eine überraschende Oase der Ruhe: der Wald Emmerdennen. Ein wunderschöner Wald mit alten Sanddünen, geheimnisvollen Kiefern und uralten Geschichten. In der Nachbarschaft wird der Wald Emmerdennen liebevoll „Klein-Schweiz“ genannt, und das aus gutem Grund.  </p>
<p>Hier gehen Sie am beeindruckenden Hünengrab D45 vorbei, über Sandhügel wie Haantjeduin (31 Meter über NN) und durch Wälder, die einst angelegt wurden, um den Flugsand zu stoppen. Ein Stück Drenthe voller Natur und Geschichte, direkt neben der Stadt. </p>
                                                    </div>
                    </div>
                                    <div class="col-12 col-lg-8">
                        <div class="pane__text">
                            <h2 data-start="869" data-end="902"><img loading="lazy" decoding="async" src="https://ontdekemmen.nl/wp-content/themes/ontdek-emmen/assets/img/blocks-title.svg" class="text-figure me-1 me-lg-2 mt-n1" width="24" height="18" alt="" /> <span>Vom Flugsand zum Stadtwald</span></h2>
<p data-start="904" data-end="1232">Im 19. Jahrhundert beschlossen Bauern, den wehenden Flugsand zu bändigen. Sie legten Soden auf den nackten Sand und pflanzten Kiefern. Diese Methode erwies sich als erfolgreich: Der Sand wurde fixiert und wuchs zu dem Wald heran, den wir heute als Emmerdennen kennen. Ein Ort, an dem sich Moose, Farne und Pilze unter dem Blätterdach wohlfühlen.   </p>
                                                    </div>
                    </div>
                                    </div>
    </div>
</section>

<section class="pane pane--weiß">
    <div class="container">
        <div class="row g-4 g-lg-8 g-xl-15 justify-content-center">
                                                <div class="col-12 col-lg-8">
                        <div class="pane__text">
                            <h2 data-start="1239" data-end="1271"><img loading="lazy" decoding="async" src="https://ontdekemmen.nl/wp-content/themes/ontdek-emmen/assets/img/blocks-title.svg" class="text-figure me-1 me-lg-2 mt-n1" width="24" height="18" alt="" /> <span>Highlights im Gebiet</span></h2>
<ul data-start="1273" data-end="1704">
<li data-start="1273" data-end="1451">
<p data-start="1275" data-end="1451">Haantjeduin: einer der höchsten Punkte des Sandrückens Hondsrug mit Panoramablick. Ringsum gibt es knorrige Kiefern, die vom Wind teilweise ausgegraben wurden. Als ob sie auf Beinen stehen.  </p>
</li>
<li data-start="1452" data-end="1571">
<p data-start="1454" data-end="1571">Hünengrab D45: eines der am besten erhaltenen Hünengräber in Drenthe. Lautlos, kraftvoll und perfekt auf der Düne gelegen. Tipp: Schauen Sie sich die Beule in einem der Decksteine ​​an. Laut Überlieferung entstand die Beule dadurch, dass König Ludwig Napoleon sich bei seinem Besuch in Drenthe 1809 samt Pferd auf das Hünengrab stellte.   </p>
</li>
<li data-start="1572" data-end="1704">
<p data-start="1574" data-end="1704">Emmerschans: ein Wehrbauwerk aus dem 17. Jahrhundert, das sich östlich des Waldes befindet. Mit beeindruckenden Wällen und überraschend viel Grün. </p>
</li>
</ul>
                                                    </div>
                    </div>
                                    <div class="col-12 col-lg-8">
                        <div class="pane__text">
                            <h2 data-start="1711" data-end="1743"><img loading="lazy" decoding="async" src="https://ontdekemmen.nl/wp-content/themes/ontdek-emmen/assets/img/blocks-title.svg" class="text-figure me-1 me-lg-2 mt-n1" width="24" height="18" alt="" /> <span>Wandern im Wald Emmerdennen</span></h2>
<p data-start="1745" data-end="1958">Die niederländische staatliche Forstverwaltung („Staatsbosbeheer“) hat mehrere schöne <a href="https://kaart.ontdekemmen.nl/?c=b75289b&amp;c=8b57dab#14.14/52.78998/6.89783" target="_blank" rel="noopener">Wanderrouten</a> ausgeschildert. Folgen Sie den Schildern (rot, gelb oder grau) und lassen Sie sich an Hünengräbern, Dünen und uralten Bäumen vorbeiführen. Jede Route hat ihre eigene Atmosphäre und Länge.  </p>
<p data-start="1960" data-end="2081">Parkmöglichkeiten gibt es bei P+R Emmen (Stationsplein 27) und P+R Burgemeester Tijmesstraat, in der Nähe des Hünengrabs. Auch vom Zentrum und dem Bahnhof Emmen ist das Hünengrab nur wenige Gehminuten entfernt. </p>
                                                    </div>
                    </div>
                                    </div>
    </div>
</section>

<!-- This site is optimized with the Yoast SEO plugin v25.9 - https://yoast.com/wordpress/plugins/seo/ -->
<title>Der Wald Emmerdennen - Ontdek Emmen</title>
<meta name="description" content="Entdecken Sie den Wald Emmerdennen in Emmen: einen historischen Wald mit Hünengrab, Dünen und Wanderrouten. In der Nähe der Stadt, aber voller Ruhe, Natur und Geschichten." />
<meta name="robots" content="index, follow, max-snippet:-1, max-image-preview:large, max-video-preview:-1" />
<link rel="canonical" href="https://ontdekemmen.nl/de/aktivitaten/der-wald-emmerdennen/" />
<meta property="og:locale" content="de_DE" />
<meta property="og:type" content="article" />
<meta property="og:title" content="Der Wald Emmerdennen - Ontdek Emmen" />
<meta property="og:description" content="Entdecken Sie den Wald Emmerdennen in Emmen: einen historischen Wald mit Hünengrab, Dünen und Wanderrouten. In der Nähe der Stadt, aber voller Ruhe, Natur und Geschichten." />
<meta property="og:url" content="https://ontdekemmen.nl/de/aktivitaten/der-wald-emmerdennen/" />
<meta property="og:site_name" content="Ontdek Emmen" />
<meta property="article:publisher" content="https://www.facebook.com/ontdekemmen2/?locale=nl_NL" />
<meta property="article:modified_time" content="2026-02-17T09:57:59+00:00" />
<meta property="og:image" content="https://ontdekemmen.nl/wp-content/uploads/2025/07/Emmermeer-Valtherbos-7-scaled.jpg" />
	<meta property="og:image:width" content="1920" />
	<meta property="og:image:height" content="1280" />
	<meta property="og:image:type" content="image/jpeg" />
<meta name="twitter:card" content="summary_large_image" />
<!-- / Yoast SEO plugin. -->

Entdecken Sie den Wald Emmerdennen in Emmen: einen historischen Wald mit Hünengrab, Dünen und Wanderrouten. In der Nähe der Stadt, aber voller Ruhe, Natur und Geschichten.
